est common divisor of 12710 and 1230.
410
What is the highest common factor of 141 and 1140549?
141
Calculate the highest common factor of 70 and 66530.
10
Calculate the greatest common factor of 234 and 5274.
18
What is the highest common factor of 79 and 128059?
79
What is the highest common divisor of 219 and 27521?
73
What is the greatest common divisor of 53 and 292613?
53
Calculate the greatest common factor of 34476 and 3588.
156
What is the greatest common factor of 1576 and 3573580?
788
What is the greatest common factor of 1648 and 1133?
103
Calculate the highest common divisor of 20 and 19830.
10
Calculate the highest common factor of 596 and 3267868.
596
Calculate the greatest common factor of 468826 and 306.
34
What is the highest common factor of 13107 and 391?
17
Calculate the highest common divisor of 46 and 49818.
46
Calculate the greatest common factor of 350444 and 632.
316
Calculate the greatest common factor of 1168 and 9271.
73
Calculate the greatest common factor of 27 and 102321.
9
What is the highest common divisor of 135 and 106410?
15
Calculate the greatest common factor of 211807 and 23.
23
What is the highest common factor of 7102 and 34170?
134
Calculate the highest common factor of 25032 and 252.
84
Calculate the highest common factor of 733897 and 109.
109
Calculate the greatest common divisor of 352 and 4110920.
88
Calculate the greatest common divisor of 1244782 and 118.
118
Calculate the highest common factor of 195 and 8041280.
65
Calculate the greatest common divisor of 72765 and 18.
9
Calculate the highest common factor of 21 and 4479090.
21
What is the greatest common divisor of 18095 and 231?
77
Calculate the highest common factor of 60770 and 82915.
515
Calculate the highest common factor of 1990 and 284968.
398
What is the highest common factor of 36750 and 252?
42
Calculate the greatest common factor of 73708 and 8.
4
Calculate the greatest common divisor of 995506 and 7362.
818
Calculate the greatest common divisor of 1378486 and 29.
29
Calculate the highest common factor of 26822 and 32.
2
What is the highest common divisor of 92008 and 14?
14
What is the highest common factor of 288309 and 24?
3
What is the greatest common factor of 9563 and 917?
131
Calculate the greatest common factor of 729 and 43119.
27
What is the highest common factor of 2300 and 11225?
25
What is the highest common factor of 825 and 112563?
33
What is the greatest common factor of 1445 and 3470?
5
Calculate the greatest common factor of 192 and 189.
3
Calculate the greatest common divisor of 225292 and 1208.
604
What is the greatest common divisor of 20 and 7530?
10
Calculate the greatest common divisor of 34972 and 1260.
28
Calculate the greatest common divisor of 11187 and 6336.
99
What is the greatest common factor of 111 and 258?
3
What is the greatest common factor of 32476 and 1012?
92
Calculate the highest common divisor of 556182 and 693.
99
What is the highest common factor of 192 and 37440?
192
What is the highest common divisor of 20 and 1239110?
10
What is the highest common factor of 16 and 14512?
16
What is the greatest common divisor of 16 and 38518?
2
Calculate the highest common divisor of 78 and 2928.
6
Calculate the highest common factor of 54 and 94986.
54
Calculate the greatest common divisor of 1542 and 1422.
6
What is the highest common divisor of 30157 and 18208?
569
What is the greatest common divisor of 54756 and 30654?
234
Calculate the highest common divisor of 15656320 and 640.
640
What is the greatest common divisor of 53477 and 212?
53
Calculate the greatest common factor of 21 and 237279.
21
What is the highest common factor of 46 and 247526?
46
What is the highest common divisor of 14671 and 391?
17
Calculate the greatest common factor of 6750 and 1116.
18
What is the highest common factor of 8844 and 316977?
201
What is the highest common factor of 2318 and 256322?
122
What is the greatest common divisor of 75 and 83175?
75
Calculate the greatest common divisor of 738 and 1660131.
369
Calculate the highest common divisor of 58548 and 68.
68
Calculate the highest common factor of 156 and 111306.
78
Calculate the greatest common factor of 5797 and 198.
11
Calculate the greatest common divisor of 3053 and 1633.
71
Calculate the greatest common divisor of 3050 and 4209.
61
Calculate the highest common factor of 3445 and 31694.
689
What is the highest common factor of 932501 and 2261?
323
Calculate the highest common divisor of 6000 and 768.
48
What is the highest common factor of 891540 and 648?
108
Calculate the highest common divisor of 494 and 15028.
26
What is the highest common factor of 280 and 212240?
280
What is the highest common factor of 16 and 1216048?
16
What is the greatest common factor of 111401 and 34?
17
What is the greatest common divisor of 45 and 8?
1
What is the highest common divisor of 18702 and 576?
18
What is the highest common factor of 1067 and 75951?
97
Calculate the greatest common factor of 19 and 727.
1
What is the highest common divisor of 3640 and 175760?
520
What is the highest common factor of 1006604 and 678?
226
What is the greatest common factor of 7887 and 77?
11
Calculate the highest common divisor of 164 and 105452.
164
What is the highest common divisor of 395 and 447614?
79
What is the highest common factor of 3520 and 24960?
320
What is the highest common factor of 52934 and 3383?
199
Calculate the highest common factor of 408 and 81.
3
What is the greatest common divisor of 7269 and 33?
3
What is the greatest common factor of 52 and 173204?
4
What is the greatest common divisor of 46545 and 290?
145
What is the highest common divisor of 1795 and 2745?
5
Calculate the highest common factor of 744 and 213621.
93
What is the greatest common factor of 446064 and 48?
48
Calculate the highest common factor of 7808962 and 14.
14
Calculate the greatest common divisor of 2425 and 25.
25
What is the highest common divisor of 840 and 60795?
105
What is the highest common divisor of 637754 and 234?
26
What is the highest common divisor of 27712 and 256?
64
Calculate the greatest common divisor of 10971 and 12834.
207
Calculate the highest common factor of 452 and 3988.
4
Calculate the greatest common divisor of 1314 and 138.
6
What is the highest common factor of 40 and 33140?
20
Calculate the highest common factor of 16 and 14206.
2
Calculate the greatest common factor of 1095 and 398945.
365
What is the greatest common divisor of 52144 and 64?
16
Calculate the highest common factor of 869 and 1188.
11
Calculate the greatest common factor of 1414 and 13332.
202
Calculate the highest common factor of 2718 and 7852.
302
Calculate the highest common divisor of 69747 and 12663.
201
Calculate the highest common divisor of 325277 and 1245.
83
What is the highest common factor of 137195 and 115?
115
What is the greatest common divisor of 133 and 7733?
19
Calculate the greatest common factor of 46762 and 1816.
454
What is the highest common divisor of 1098 and 173240?
122
What is the greatest common divisor of 14 and 694?
2
Calculate the highest common factor of 22 and 550143.
11
Calculate the greatest common divisor of 175 and 243550.
25
Calculate the highest common factor of 88 and 156008.
8
What is the greatest common divisor of 206 and 478?
2
Calculate the greatest common factor of 12256 and 224.
32
What is the greatest common factor of 159354 and 908?
454
Calculate the greatest common divisor of 7275 and 5.
5
What is the greatest common divisor of 5814 and 9945?
153
What is the highest common divisor of 345 and 30981?
69
Calculate the greatest common divisor of 12440 and 576905.
1555
What is the greatest common divisor of 4 and 8347?
1
What is the greatest common factor of 136 and 33507?
17
What is the highest common factor of 55 and 1991?
11
What is the greatest common factor of 10222 and 551?
19
What is the highest common divisor of 557487 and 567?
63
Calculate the greatest common divisor of 237 and 5805552.
237
Calculate the greatest common factor of 4 and 13842.
2
Calculate the greatest common factor of 36 and 22060.
4
Calculate the highest common factor of 1300 and 73580.
260
What is the highest common factor of 29672 and 676?
4
Calculate the highest com